7).
-147
Let a(x) = -129*x**3 - 86562*x**2 - 2000*x + 8714. Give a(-671).
-9
Let d(q) = 731*q + 4786. Give d(-7).
-331
Let k(s) = -s**3 + 65*s**2 - 320*s - 29. Determine k(58).
4959
Let l(d) = -4911*d - 44231. Calculate l(-9).
-32
Let l(o) = 300*o + 3967. What is l(-12)?
367
Let b(d) = -21*d**2 - 214*d + 999. Determine b(5).
-596
Let h(k) = -k**3 - 18*k**2 + 812*k + 141. Calculate h(21).
-6
Let t(q) = 12*q**2 - 1766*q + 8475. What is t(142)?
-329
Let g(s) = 2*s**3 - 245*s**2 + 31*s + 1. What is g(0)?
1
Let q(d) = d**3 + 2*d**2 + 449*d - 448. What is q(1)?
4
Let y(i) = i**3 - 11*i**2 + 29*i - 369. Calculate y(11).
-50
Let v(z) = 2*z**3 + 1282*z**2 + 596*z + 382042. Calculate v(-641).
6
Let w(u) = 254*u - 3001. Calculate w(12).
47
Let u(v) = -623*v + 44265. Give u(71).
32
Let x(v) = -v**3 - 13*v**2 + 398*v - 163. Calculate x(14).
117
Let a(g) = -5*g**2 + 910*g - 872. Give a(179).
1813
Let s(d) = -54*d**2 - 1074*d + 8649. Determine s(8).
-3399
Let k(j) = 2*j**3 - 10*j**2 - 415*j + 2148. What is k(5)?
73
Let v(j) = 3892*j - 346476. What is v(89)?
-88
Let l(j) = j**3 - 17*j**2 + 40*j - 364. Determine l(13).
-520
Let z(u) = -u**2 + 23750*u - 356022. Determine z(15).
3
Let p(b) = -b**2 - 150*b + 49098. Determine p(159).
-33
Let g(b) = -3*b**2 - 1045*b - 90031. Determine g(-156).
-19
Let y(w) = 2889*w + 144248. Calculate y(-50).
-202
Let t(o) = 2*o**2 + 4157*o - 147937. Give t(35).
8
Let y(p) = -199*p**2 - 2161*p + 109. Calculate y(-11).
-199
Let c(n) = 5*n**2 + 397*n + 7784. Give c(-43).
-42
Let f(m) = m**3 + 39*m**2 + 221*m - 3336. Determine f(-25).
-111
Let h(z) = -2*z**2 + 3393*z - 67122. What is h(20)?
-62
Let r(f) = -f**2 - 2714*f + 163615. What is r(59)?
8
Let k(x) = x**3 - 20*x**2 - 583*x + 10354. Give k(16).
2
Let a(m) = -120390*m - 1444652. What is a(-12)?
28
Let h(g) = -g**3 - 95*g**2 + 46*g + 987. Calculate h(-3).
21
Let p(d) = -8*d**3 + 261*d**2 + 1038*d - 8. What is p(-4)?
528
Let o(g) = -663*g + 91476. Calculate o(138).
-18
Let q(o) = -7*o**2 - 324*o - 814. Determine q(-43).
175
Let p(i) = -i**2 + 269*i - 766. What is p(266)?
32
Let j(r) = 48*r**3 + 297*r**2 + 53*r - 10. What is j(-6)?
-4
Let j(h) = -h**3 - 265*h**2 + 1278*h + 368. Determine j(5).
8
Let f(u) = u**3 - 25*u**2 - 14*u + 460. Calculate f(0).
460
Let o(f) = f**3 + 78*f + 3. Calculate o(0).
3
Let n(c) = -78*c**2 - 4311*c + 4312. Determine n(1).
-77
Let f(u) = u**3 - 20*u**2 - 743*u + 4. Give f(39).
-74
Let g(l) = -32*l**2 + 1373*l - 1201. What is g(42)?
17
Let f(b) = 7*b**3 - 3*b**2 - 24*b + 10. Calculate f(-4).
-390
Let n(p) = -p**3 + 23*p**2 - 46*p + 20. Calculate n(22).
-508
Let u(q) = 17814*q + 53457. Determine u(-3).
15
Let f(r) = -r**3 + 125*r**2 + 1397*r - 6591. Give f(135).
-246
Let z(s) = -40*s**2 + 10924*s - 1109. Give z(273).
-17
Let s(k) = -79*k**2 - 4205*k - 778. Calculate s(-53).
176
Let g(t) = 22*t**3 - 154*t**2 + 4*t - 110. Give g(7).
-82
Let w(z) = -122*z**2 + 693*z + 18. Calculate w(6).
-216
Let s(z) = -264*z + 2237. Give s(6).
653
Let z(n) = -n**3 + n**2 - 52*n - 772. Give z(-10).
848
Let x(k) = -k**3 + 15*k**2 + 1212*k - 20073. Determine x(17).
-47
Let n(k) = -543*k**2 - 4048*k + 2383. Give n(-8).
15
Let l(o) = -o**3 - 182*o**2 + 6084*o + 1079882. Determine l(-183).
-1
Let p(k) = 9*k**2 + 13*k + 22. Give p(7).
554
Let i(p) = -144*p - 1019. Calculate i(-11).
565
Let o(x) = 4*x**2 + 189*x + 143. Calculate o(-46).
-87
Let o(v) = -v**3 - 15*v**2 + 81*v + 1093. Calculate o(-22).
2699
Let a(u) = -u**3 + 628*u**2 - 1244*u - 5020. Calculate a(626).
-12
Let s(d) = -4*d**2 + 549492*d + 1098996. Determine s(-2).
-4
Let k(a) = -41*a**3 + 8*a**2 - 17*a + 18. Calculate k(3).
-1068
Let c(r) = 15*r**3 + 514*r**2 + 2915*r - 767. What is c(-27)?
-11
Let h(d) = -2*d**3 - 165*d**2 + 1580*d - 15464. Give h(-92).
-8
Let g(s) = -58363*s - 1984362. Calculate g(-34).
-20
Let g(z) = 1864*z + 10453. Give g(-4).
2997
Let f(y) = 856*y**2 - 51358*y - 142. Give f(60).
-22
Let i(o) = -1211*o + 17224. What is i(16)?
-2152
Let h(c) = -3*c**3 + 1648*c**2 - 548*c - 556. Calculate h(549).
-7
Let r(c) = 86*c**2 + 707*c + 8. What is r(-6)?
-1138
Let a(q) = -383*q - 9965. Give a(-26).
-7
Let v(s) = 828*s + 59763. Calculate v(-72).
147
Let b(t) = -2491*t + 4604. Give b(2).
-378
Let o(y) = -2040495*y - 26526434. Calculate o(-13).
1
Let l(s) = -2*s**3 - 181*s**2 - 1681*s - 109. What is l(-80)?
-29
Let d(m) = -m**2 + 26669*m - 2815622. What is d(106)?
56
Let k(x) = x**3 + 931*x**2 + 55617*x + 111845. Calculate k(-867).
2
Let n(z) = 207*z - 1734. Determine n(8).
-78
Let o(w) = -294*w**2 - 598*w + 585. What is o(1)?
-307
Let d(u) = -138*u + 5992. Determine d(53).
-1322
Let u(r) = 4*r**3 + 48*r**2 - 3116*r - 37409. Calculate u(-12).
-17
Let n(m) = -8*m**2 + 134*m + 92. Give n(17).
58
Let f(n) = -2*n**2 + 20425*n - 122479. Give f(6).
-1
Let y(i) = -i**3 + 117*i**2 + 245*i - 1225. Determine y(119).
-392
Let j(x) = 4*x**3 - 16*x**2 - 162*x + 1225. Give j(7).
679
Let j(o) = 3*o**3 - 10*o**2 - 173*o + 705. Determine j(4).
45
Let d(w) = 12644*w - 2908096. What is d(230)?
24
Let o(b) = 2*b**2 - 1445*b + 10050. Calculate o(7).
33
Let g(s) = 23*s**3 + 320*s**2 + 37*s + 798. Calculate g(-14).
-112
Let y(n) = -2*n**3 - 86*n**2 - 185*n + 1511. Determine y(-6).
-43
Let q(y) = -3559*y + 7250. Calculate q(2).
132
Let a(m) = -52*m**2 - 108*m - 190. What is a(-4)?
-590
Let w(v) = 2*v**3 + 22*v**2 - 28*v - 183. What is w(-10)?
297
Let x(u) = 10271*u - 30279. Calculate x(3).
534
Let u(c) = c**2 - 1346*c - 323265. What is u(-208)?
-33
Let g(u) = -u**2 - 120731*u + 3260490. Determine g(27).
24
Let m(w) = -8*w**3 + 98*w**2 - 292*w + 65. What is m(7)?
79
Let i(c) = -4*c**2 - 5515*c + 244549. What is i(43)?
8
Let r(y) = 4*y**2 + 139*y - 68. Determine r(-17).
-1275
Let o(i) = -21284*i**2 + 5*i - 19. Calculate o(0).
-19
Let k(x) = x**3 + 81*x**2 - 94*x - 160. Calculate k(-82).
824
Let w(l) = l**3 + 53*l**2 + 92*l + 1759. Determine w(-52).
-321
Let w(u) = -3*u**2 + 204*u - 1499. Give w(9).
94
Let d(c) = -2*c**3 - 43*c**2 + 3788*c - 20940. Calculate d(30).
0
Let s(v) = -2*v**3 + 415*v**2 - 6456*v - 31. Calculate s(17).
326
Let j(k) = -387*k + 30509. Give j(79).
-64
Let s(b) = 2949*b - 44349. Determine s(15).
-114
Let a(y) = 454*y**2 - 5712*y - 13. Determine a(13).
2457
Let o(u) = 245*u + 6598. Give o(-27).
-17
Let d(a) = 78410*a - 12075139. Determine d(154).
1
Let j(i) = -152974*i + 306526. Give j(2).
578
Let i(s) = 20270*s - 19870. Give i(1).
400
Let p(a) = 548*a - 142348. What is p(260)?
132
Let x(i) = -8*i**2 - 35*i - 40. Determine x(-9).
-373
Let r(u) = -2*u**2 - 172*u - 1863. Give r(-73).
35
Let b(q) = 2*q**2 - 714*q - 93707. Determine b(-102).
-71
Let w(a) = -7*a**2 - 1741*a - 9713. What is w(-243)?
7
Let l(g) = g**2 - 123*g - 31724. Determine l(-127).
26
Let n(r) = 67*r - 4559. Calculate n(88).
1337
Let w(f) = 4*f**2 + 45452*f - 227361. Give w(5).
-1
Let m(p) = 7805*p + 93638. Calculate m(-12).
-22
Let x(i) = -3*i**2 - 1203*i + 19546. Give x(16).
-470
Let l(n) = n**2 + 41*n - 2452. What is l(-70)?
-422
Let z(x) = 12192*x - 11986. Determine z(1).
206
Let k(p) = -p**2 + 3425*p - 99290. Give k(29).
-806
Let x(f) = -f**3 - 39*f**2 + 2145*f - 1779. Determine x(-70).
-29
Let o(f) = -f**3 + 68*f**2 + 240*f - 6987. Calculate o(70).
13
Let w(l) = l**3 - 75*l**2 + 154*l - 614. Determine w(73).
-30
Let g(l) = -l**2 - 34*l + 2489. What is g(-71)?
-138
Let q(x) = -4*x**3 - 28*x**2 - 6*x + 81. Calculate q(-5).
-89
Let u(f) = 1727*f + 22467. What is u(-13)?
16
Let p(n) = -n**3 - 586*n**2 - 45853*n - 2130. What is p(-493)?
-158
Let g(w) = 15*w**3 + 15*w**2 - 71*w - 43. Determine g(5).
1852
Let n(b) = 3*b**2 + 775*b + 49667. Calculate n(-117).
59
Let d(w) = -241*w - 8233. What is d(-35)?
202
Let y(d) = d**3 + 211*d**2 + 217*d - 1635. Calculate y(-210).
-3105
Let f(m) = 1492*m + 8928. Determine f(-6).
-24
Let x(l) = -899*l - 10074. Calculate x(-11).
-185
Let q(f) = -9*f**2 + 3061*f - 23912. Determine q(8).
0
Let b(w) = 346*w - 3861. Calculate b(12).
291
Let q(f) = -1249*f + 5478. Determine q(6).
-2016
Let l(w) = -668*w + 46352. Calculate l(69).
260
Let m(h) = -160*h**2 + 85*h + 29. What is m(1)?
-46
Let f(u) = -u**3 + 22*u**2 - 18*u + 183. Determine f(21).
246
Let q(p) = -1731*p - 2866. Determine q(-2).
596
Let h(j) = -18682*j - 728571